 -1).
9
33 + (27 - 82 - 8)
-30
0 + 2 + 5 + 803 + -792
18
Calculate -3 + -3 + -22 + 29.
1
Evaluate (84 - (0 - -46)) + (2 - 19).
21
Evaluate 44 + -64 + 26 - (1 - -21).
-16
Calculate -2 - 4 - (-28 - (-6 + -10 + 14)).
20
Calculate 3 - (-5 + -2 - (-15 + 8 + 8)).
11
Evaluate -18 + (21 - 18) - -17.
2
Calculate (-5 - (12 + -5)) + -26 + 22.
-16
Evaluate 19 + 0 + 3 - ((-12 - -7) + 8).
19
Evaluate (-27 - -7 - (-26 - -16)) + (-1 - 8).
-19
-19 + 15 + 0 - (2 + -4 - 10)
8
1 + 7 + -1 + 3 + 36 + -38
8
(-7 - 18) + 30 + -4
1
Evaluate 18 - 4 - (-5 + 14) - (4 + -14).
15
What is the value of (-19 - -16) + -8 + 19?
8
What is the value of -23 + (-6 - (-15 - 8))?
-6
What is -28 - (1 + -2) - (31 - 81 - -43)?
-20
Evaluate (8 - 1) + (-23 - -2).
-14
Evaluate (-3 + 0 - (21 + -7)) + 5.
-12
Evaluate -5 - (12 - (12 + -5 - -4)).
-6
What is -3 + -4 + 9 + (-8 - -11)?
5
What is -5 - ((-4 - 15) + 10)?
4
What is -11 + (-1 - -5 - 2)?
-9
What is (4 - (-4 - -9)) + 3 + (8 - 12)?
-2
Calculate (0 - (1 - 27)) + 166 + -175.
17
Evaluate (-27 - -2) + (3 - (7 + -5)) + 3.
-21
Evaluate -52 + 54 - (10 - 3).
-5
Evaluate 3 + -21 + (8 - 9).
-19
What is 14 - (-7 - -10 - -18)?
-7
Calculate (3 + -3 - 1) + 8 - (-8 - -17).
-2
(-61 + -15 - -117) + -13 + -1
27
(0 - -29) + -142 + 134
21
Evaluate -7 + -4 + 15 + -15.
-11
Calculate -1 - (60 + -28 + -19).
-14
Evaluate (15 - (21 - 9)) + -21.
-18
Evaluate (-41 - (0 - 12)) + 51.
22
Evaluate (-51 - -46) + (-3 - (0 + -2 - 6)).
0
Calculate 36 + -37 + (2 - 0) + 16.
17
What is the value of -9 + 0 + 710 + -690?
11
-5 - (-6 - (-12 + 8) - -9) - -1
-11
Evaluate (247 - 264) + 0 + 22.
5
What is (-6 - -8) + -10 + 2?
-6
What is the value of 0 - -2 - (77 + -129 - -42)?
12
Calculate -14 + (-19 + 23 + 10 - 4).
-4
What is the value of 1 + -7 + 7 - (-4 + 8 + -3)?
0
2 - (-14 + 11 - -9)
-4
Calculate 0 - (-5 + 24 - 6).
-13
(-112 - -91) + 3 + 13
-5
(-19 - -56) + (10 - (21 + -11))
37
Evaluate 2 + -4 + -1 + (54 - 44).
7
What is 1 + (1 + 22 - (33 + -26)) + 8?
25
What is (0 + (-3 - -4) - 2) + (14 - 22)?
-9
4 + -3 + -8 + (11 - 1 - 14)
-11
Calculate -2 - (-2 + -8 + -5 + (15 - 4)).
2
Calculate -25 + 0 + 15 + (-16 - -7).
-19
Evaluate -2 - (6 + (-4 - 6 - -2)).
0
-782 + 777 - (0 + (1 - (2 + -1)))
-5
Evaluate -11 + 25 + -5 - (-14 + 5 - -4).
14
(12 + -5 + -1 - 3) + 10
13
Evaluate 21 - (4 - 3 - -10).
10
What is -10 + 17 + (9 - 12 - 18)?
-14
Calculate -9 - (2 + 4 - (14 - -3 - 0)).
2
What is -64 - -91 - 50 - (-1 + -1)?
-21
What is the value of -7 - (28 - ((2 - 9) + 6 - -10))?
-26
(-30 - -29) + (-5 - 0)
-6
Calculate -4 - -2 - (-17 + 8 + -8).
15
Calculate -10 + (0 - (-2 + 6)) + -1 + 8.
-7
(-73 - -67) + 0 + 7 + 2
3
Evaluate (-26 - (6 + -29)) + -20.
-23
Evaluate -13 - (17 - 22 - -6).
-14
-1 + 25 - 27 - -26
23
Calculate 68 + -52 - (36 - -3).
-23
-2 + -2 + -27 + -5 + 17
-19
24 + (-18 - -10) + -7 - (-22 - 1)
32
Calculate 16 + 20 + -16 + -10.
10
(5 - -2) + (-96 - -79) - 13
-23
-2 + (-1 - (17 + -10 - 8))
-2
Calculate 16 + (2 - 9) - (-1 + 4) - 23.
-17
Calculate 2 + (-1 - 10) + 430 + -421 + -21.
-21
Evaluate 10 + 14 + -12 - -26 - 13.
25
Calculate 19 + -9 - (-1 - -1 - -10).
0
(3 + 11 - 15) + (-15 - -24)
8
Evaluate 20 + (-15 - -3) - (6 + -2).
4
-2 + (2 - -2) + -1 + -7 + -3
-9
Evaluate (0 - -3) + -2 - (9 + -26 + 10).
8
4 + -18 + 15 - -11
12
Evaluate -6 - (-3 - (4 + -8 - 18)).
-25
What is the value of -4 - (-11 + (-6 - -22))?
-9
Evaluate 197 - 190 - (0 + -1 + 2).
6
What is the value of 4 + (-14 - -10) + 15 - 3?
12
Evaluate -10 - 8 - -14 - -9.
5
Calculate (83 - 79) + 0 + (0 - -1).
5
Calculate 11 + -5 + 16 + -6 - 4.
12
Evaluate 3 + -5 + 1 - (-5 - 0 - 2).
6
26 + (-53 - (-13 + -15))
1
Evaluate 0 + 1 - (308 + -313 + (13 - 0)).
-7
(-9 + 8 - (-3 + -7)) + -2
7
Calculate 44 - (-26 - -69) - (3 + -5 + -3).
6
Calculate 3 + (0 - -6) + (14 - (-11 + 27)).
7
What is the value of -2 - (-6 + (3 - 2)) - (0 + -7)?
10
Calculate -6 + (7 - 8) + 9.
2
7 - (6 + 1 + -6 + -7 + 10)
3
What is the value of 4 - 6 - (-21 + -3 - 1) - 10?
13
What is the value of 6 + (0 - -6) + -7 + -5 - -10?
10
What is -4 + (-1 - 9) + 3?
-11
Evaluate -3 + -34 - (-64 - -47).
-20
(-14 - (-21 + 27)) + 8
-12
(-12 + 21 - 38) + 5 + -2
-26
Calculate 1 - -33 - (17 + (25 - 59 - -21)).
30
Evaluate (15 - 10 - -7) + -9.
3
0 + 0 + -10 - (291 - 299)
-2
What is the value of 14 - (12 + (-13 - -14) + -20)?
21
What is the value of -11 + (-5 - -11) + (0 - 3 - 4)?
-12
Evaluate -70 + 89 + -27 - (-3 + -2 - 2).
-1
Calculate -1 - (-2 + -10 + 8) - -16.
19
What is the value of (18 - (-25 + 14 + 26)) + -21?
-18
Calculate (5 - (8 + -11) - 6) + 6 + -14.
-6
What is 1247 + -1257 - (4 - (2 - (4 + -2)))?
-14
36 + (-51 - -10) + (35 - 2)
28
What is 12 - (15 - (6 + 5))?
8
What is (4 - -3) + (-1 - (16 + -12)) + 4?
6
Calculate -1 - (-11 + 0) - (14 + -23 + 10).
9
What is the value of 22 - (-12 - (-56 + 62 - (13 + 0)))?
27
What is -6 - (-2 - (8 - 10)) - -36?
30
What is -139 + 127 + 2 + 0 - -24?
14
What is the value of 11 - 8 - (1 - -2 - 4)?
4
Evaluate -5 + 5 + -2 + 0 + 25 + 0.
23
What is the value of -9 - (-33 - (15 + -14 + 11))?
36
What is the value of (-6 - -3) + (-4 + 1 - (-21 + 25))?
-10
34 + -28 + 34 + -34
6
Calculate -5 + (4 - (-12 - -35)) - -4.
-20
(-15 - -1) + (22 - (0 + 5))
3
4 - (5 - 12) - (-1 + (2 - 9))
19
What is the value of -15 - ((1 - -1) + 6 - (179 + -168))?
-12
What is the value of -35 - (-78 + 37 + 0)?
6
Calculate (-19 + -29 - -42) + 0 + (-2 - -11).
3
-11 + 935 + -943 + -1 + (-1 - 1)
-22
What is the value of 0 + -9 - (-67 + 42 + 31)?
-15
What is the value of 3 + 1 + -1 + 25 + -12?
16
What is the value of 19 + -5 - (0 - -1 - (3 + -5))?
11
What is (9 + (6 - 31) - -9) + 2 + 7?
2
What is (-36 - (-4 - ((-1 - 5) + 8))) + 9?
-21
Evaluate -27 + 55 + -31 - (0 + -9).
6
What is the value of -1 - (7 + -1 + 0 - (-4 - 0))?
-11
Calculate -21 - (-21 + (10 - 8)).
-2
Evaluate (18 - (-5 - -25)) + (-6 - 0).
-8
What is the value of 0 + -1 - (1 + (30 - 18))?
-14
Evaluate -6 - (-19 - (-5 + 2 - 0)).
10
Calculate -10 + -10 + 24 + -15 - 15.
-26
Calculate (-8 - (17 - 28 - -10)) + -13 + 1.
-19
Calculate (0 - -24) + -13 + -12.
-1
Evaluate (0 - (6 + -3)) + 3 - (238 + -222).
-16
Calculate 16 + (13 - 18) + 1 + -5.
7
Calculate -8 + (7 - (-2 + 6)) + -5.
-10
Calculate 1 - (-15 - (3 + -21 + 12)).
10
Evaluate -2 - ((14 - (-8 + 15)) + 8) - 4.
-21
Evaluate 17 - ((-30 - -25) + 36).
-14
-4 + -1 + 11 + -21 + 17
2
What is 14 - (39 + -23 + 6)?
-8
Calculate -26 - (-26 + -22) - 5.
17
What is the value of (-10 - -2) + (-3 - (3 - 31 - -15))?
2
Calculate (-23 - (7 + -7)) + 5.
-18
Calculate -6 - (9 + 19 - 62).
28
Calculate 5 + (-3 - -2) + 2 - (-4 - 3).
13
Evaluate -7 + 6 + (6 - 10) + 3.
-2
What is -17 + (-18 - (-11 + 16 + -8))?
-32
-22 + 34 + -13 - (0 + -13)
12
Evaluate 13 + 1 + 3 + -15 + (14 - 0).
16
6 + -1 + 2 + -13 + 4 + 3
1
What is the value of 1 - (-9 - -15 - (3 + 6))?
4
Calculate (-6 - -10 - -9) + (1 - -2) + 3.
19
Evaluate 83 + -48 + -4 + -22.
9
4 + (12 + (-1 - (9 + -6)) - 1)
11
-4 - (4 + -11 + 3)
0
What is the value of 16 - (6 - (-7 - -4))?
7
Evaluate 24 - (5 - (10 + 2 + -8) - 1).
24
Evaluate (-30 - -59) + -14 + -39 + -3.
-27
Evaluate 2 + (-7 - (5 - -1)) + -5.
-16
Evaluate 1 + 1 + -4 + -2 + (-3 - 0).
-7
What is the value of 10 + 12 + -19 + -5?
-2
(-19 - -4) + -6 + (-15 - -35)
-1
0 + (-17 - -19) - (7 + 0)
-5
What is 9 + 28 + (-19 - 8) + 1 + 5?
16
-6 + 11 + -3 + -3 + 7 - 11
-5
What is the value of -4 + 7 + 2 + (98 - 75)?
28
1 - (11 + (-1 + -1 - -7 - 6))
-9
What is the value of -14 + (0 - 5 - -19 - 6 - 2)?
-8
Evaluate -2 + (1 - -3) - (72 + -77).
7
What is the value of -12 + -5 + 11 - -10 - -2?
6
Evaluate -7 + (47 - -3) + -13 + 6 + -2.
34
What is the value of -25 + 17 + (-1 - -3)?
-6
Evaluate -17 + 15 - -10 - (0 - 5).
13
Evaluate -41 - (0 + -3 - 4 - (-69 + 70)).
-33
Calculate 620 + -636 + 1 + 3 - -3.
-9
(5 + 9 + -18 - -5) + (1 - 2)
0
-12 - -15 - (-4 + (10 - (-2 - -5)))
0
Calculate 15 - (2 - 1) - (-44 + -13 + 60).
11
Calculate 14 - (3 + -17 + 3 + 26).
-1
What is the value of (3 - (-4 + 5)) + (-3 + 4 - 17)?
-14
Calculate -13 - (19 - 41 - -18).
-9
Calculate 88 + (56 - 151) + (6 - (-1 - -2)).
-2
Calculate -16 + (67 + -69 - (-4 + 1 + 1)).
-16
What is -3 - (2 + -8) - ((4 - 3) + 8)?
-6
Calculate 5 - (-511 - -527 - (-1 + -8)).
-20
What is -2 + -3 + -2 + 2 + 6?
1
-18 - ((8 - 19) + -1)
-6
Calculate -15 + (4 - (8 + -9)).
-10
What is the v